{"id":35,"date":"2019-10-24T14:11:52","date_gmt":"2019-10-24T11:11:52","guid":{"rendered":"https:\/\/www.hilalun.com.tr\/?page_id=35"},"modified":"2020-03-01T14:29:52","modified_gmt":"2020-03-01T11:29:52","slug":"foto-galeri","status":"publish","type":"page","link":"https:\/\/www.hilalun.com.tr\/index.php\/foto-galeri\/","title":{"rendered":"Foto Galeri"},"content":{"rendered":"\r\n<p>&nbsp;<\/p>\r\n\r\n<div id='gallery-1' class='gallery galleryid-35 gallery-columns-3 gallery-size-large'><dl class='gallery-item'>\n\t\t\t<dt class='gallery-icon landscape'>\n\t\t\t\t<a href='https:\/\/www.hilalun.com.tr\/wp-content\/uploads\/2020\/01\/bu\u011fdayunu.jpg'><img width=\"700\" height=\"700\" src=\"https:\/\/www.hilalun.com.tr\/wp-content\/uploads\/2020\/01\/bu\u011fdayunu.jpg\" class=\"attachment-large size-large\" alt=\"\" loading=\"lazy\" aria-describedby=\"gallery-1-351\" srcset=\"https:\/\/www.hilalun.com.tr\/wp-content\/uploads\/2020\/01\/bu\u011fdayunu.jpg 700w, https:\/\/www.hilalun.com.tr\/wp-content\/uploads\/2020\/01\/bu\u011fdayunu-300x300.jpg 300w, https:\/\/www.hilalun.com.tr\/wp-content\/uploads\/2020\/01\/bu\u011fdayunu-150x150.jpg 150w\" sizes=\"(max-width: 700px) 100vw, 700px\" \/><\/a>\n\t\t\t<\/dt>\n\t\t\t\t<dd class='wp-caption-text gallery-caption' id='gallery-1-351'>\n\t\t\t\t<center><b>Bu\u011fday Unu<\/b><\/center>\n\t\t\t\t<\/dd><\/dl><dl class='gallery-item'>\n\t\t\t<dt class='gallery-icon landscape'>\n\t\t\t\t<a href='https:\/\/www.hilalun.com.tr\/wp-content\/uploads\/2020\/01\/ekmeklikun.jpg'><img width=\"700\" height=\"700\" src=\"https:\/\/www.hilalun.com.tr\/wp-content\/uploads\/2020\/01\/ekmeklikun.jpg\" class=\"attachment-large size-large\" alt=\"\" loading=\"lazy\" aria-describedby=\"gallery-1-352\" srcset=\"https:\/\/www.hilalun.com.tr\/wp-content\/uploads\/2020\/01\/ekmeklikun.jpg 700w, https:\/\/www.hilalun.com.tr\/wp-content\/uploads\/2020\/01\/ekmeklikun-300x300.jpg 300w, https:\/\/www.hilalun.com.tr\/wp-content\/uploads\/2020\/01\/ekmeklikun-150x150.jpg 150w\" sizes=\"(max-width: 700px) 100vw, 700px\" \/><\/a>\n\t\t\t<\/dt>\n\t\t\t\t<dd class='wp-caption-text gallery-caption' id='gallery-1-352'>\n\t\t\t\t<center><b>Ekmekli Un<\/b><\/center>\n\t\t\t\t<\/dd><\/dl><dl class='gallery-item'>\n\t\t\t<dt class='gallery-icon landscape'>\n\t\t\t\t<a href='https:\/\/www.hilalun.com.tr\/wp-content\/uploads\/2020\/01\/nostalji.jpg'><img width=\"700\" height=\"700\" src=\"https:\/\/www.hilalun.com.tr\/wp-content\/uploads\/2020\/01\/nostalji.jpg\" class=\"attachment-large size-large\" alt=\"\" loading=\"lazy\" aria-describedby=\"gallery-1-353\" srcset=\"https:\/\/www.hilalun.com.tr\/wp-content\/uploads\/2020\/01\/nostalji.jpg 700w, https:\/\/www.hilalun.com.tr\/wp-content\/uploads\/2020\/01\/nostalji-300x300.jpg 300w, https:\/\/www.hilalun.com.tr\/wp-content\/uploads\/2020\/01\/nostalji-150x150.jpg 150w\" sizes=\"(max-width: 700px) 100vw, 700px\" \/><\/a>\n\t\t\t<\/dt>\n\t\t\t\t<dd class='wp-caption-text gallery-caption' id='gallery-1-353'>\n\t\t\t\t<center><b>Tam Bu\u011fday Unu<\/b><\/center>\n\t\t\t\t<\/dd><\/dl><br style=\"clear: both\" \/><dl class='gallery-item'>\n\t\t\t<dt class='gallery-icon landscape'>\n\t\t\t\t<a href='https:\/\/www.hilalun.com.tr\/wp-content\/uploads\/2020\/01\/\u00f6zelama\u00e7l\u0131un.jpg'><img width=\"700\" height=\"700\" src=\"https:\/\/www.hilalun.com.tr\/wp-content\/uploads\/2020\/01\/\u00f6zelama\u00e7l\u0131un.jpg\" class=\"attachment-large size-large\" alt=\"\" loading=\"lazy\" aria-describedby=\"gallery-1-354\" srcset=\"https:\/\/www.hilalun.com.tr\/wp-content\/uploads\/2020\/01\/\u00f6zelama\u00e7l\u0131un.jpg 700w, https:\/\/www.hilalun.com.tr\/wp-content\/uploads\/2020\/01\/\u00f6zelama\u00e7l\u0131un-300x300.jpg 300w, https:\/\/www.hilalun.com.tr\/wp-content\/uploads\/2020\/01\/\u00f6zelama\u00e7l\u0131un-150x150.jpg 150w\" sizes=\"(max-width: 700px) 100vw, 700px\" \/><\/a>\n\t\t\t<\/dt>\n\t\t\t\t<dd class='wp-caption-text gallery-caption' id='gallery-1-354'>\n\t\t\t\t<center><b>\u00d6zel Ama\u00e7l\u0131 Un <\/b><\/center>\n\t\t\t\t<\/dd><\/dl><dl class='gallery-item'>\n\t\t\t<dt class='gallery-icon landscape'>\n\t\t\t\t<a href='https:\/\/www.hilalun.com.tr\/wp-content\/uploads\/2020\/01\/pidelikun.jpg'><img width=\"700\" height=\"700\" src=\"https:\/\/www.hilalun.com.tr\/wp-content\/uploads\/2020\/01\/pidelikun.jpg\" class=\"attachment-large size-large\" alt=\"\" loading=\"lazy\" aria-describedby=\"gallery-1-355\" srcset=\"https:\/\/www.hilalun.com.tr\/wp-content\/uploads\/2020\/01\/pidelikun.jpg 700w, https:\/\/www.hilalun.com.tr\/wp-content\/uploads\/2020\/01\/pidelikun-300x300.jpg 300w, https:\/\/www.hilalun.com.tr\/wp-content\/uploads\/2020\/01\/pidelikun-150x150.jpg 150w\" sizes=\"(max-width: 700px) 100vw, 700px\" \/><\/a>\n\t\t\t<\/dt>\n\t\t\t\t<dd class='wp-caption-text gallery-caption' id='gallery-1-355'>\n\t\t\t\t<center><b>Pidelik Un<\/b><\/center>\n\t\t\t\t<\/dd><\/dl>\n\t\t\t<br style='clear: both' \/>\n\t\t<\/div>\n","protected":false},"excerpt":{"rendered":"<p>&nbsp;<\/p>\n","protected":false},"author":1,"featured_media":0,"parent":0,"menu_order":0,"comment_status":"closed","ping_status":"closed","template":"","meta":[],"_links":{"self":[{"href":"https:\/\/www.hilalun.com.tr\/index.php\/wp-json\/wp\/v2\/pages\/35"}],"collection":[{"href":"https:\/\/www.hilalun.com.tr\/index.php\/wp-json\/wp\/v2\/pages"}],"about":[{"href":"https:\/\/www.hilalun.com.tr\/index.php\/wp-json\/wp\/v2\/types\/page"}],"author":[{"embeddable":true,"href":"https:\/\/www.hilalun.com.tr\/index.php\/wp-json\/wp\/v2\/users\/1"}],"replies":[{"embeddable":true,"href":"https:\/\/www.hilalun.com.tr\/index.php\/wp-json\/wp\/v2\/comments?post=35"}],"version-history":[{"count":12,"href":"https:\/\/www.hilalun.com.tr\/index.php\/wp-json\/wp\/v2\/pages\/35\/revisions"}],"predecessor-version":[{"id":462,"href":"https:\/\/www.hilalun.com.tr\/index.php\/wp-json\/wp\/v2\/pages\/35\/revisions\/462"}],"wp:attachment":[{"href":"https:\/\/www.hilalun.com.tr\/index.php\/wp-json\/wp\/v2\/media?parent=35"}],"curies":[{"name":"wp","href":"https:\/\/api.w.org\/{rel}","templated":true}]}}