{"id":400,"date":"2020-03-01T13:07:09","date_gmt":"2020-03-01T10:07:09","guid":{"rendered":"https:\/\/www.hilalun.com.tr\/?page_id=400"},"modified":"2020-03-01T13:40:08","modified_gmt":"2020-03-01T10:40:08","slug":"ozel-amacli","status":"publish","type":"page","link":"https:\/\/www.hilalun.com.tr\/index.php\/ozel-amacli\/","title":{"rendered":"\u00d6zel Ama\u00e7l\u0131"},"content":{"rendered":"<p><img loading=\"lazy\" class=\"alignnone size-medium wp-image-420\" src=\"https:\/\/www.hilalun.com.tr\/wp-content\/uploads\/2020\/03\/25-KG-\u00d6ZEL-AMA\u00c7LI-UN-208x300.jpg\" alt=\"\" width=\"208\" height=\"300\" srcset=\"https:\/\/www.hilalun.com.tr\/wp-content\/uploads\/2020\/03\/25-KG-\u00d6ZEL-AMA\u00c7LI-UN-208x300.jpg 208w, https:\/\/www.hilalun.com.tr\/wp-content\/uploads\/2020\/03\/25-KG-\u00d6ZEL-AMA\u00c7LI-UN-710x1024.jpg 710w, https:\/\/www.hilalun.com.tr\/wp-content\/uploads\/2020\/03\/25-KG-\u00d6ZEL-AMA\u00c7LI-UN-768x1108.jpg 768w, https:\/\/www.hilalun.com.tr\/wp-content\/uploads\/2020\/03\/25-KG-\u00d6ZEL-AMA\u00c7LI-UN-1065x1536.jpg 1065w, https:\/\/www.hilalun.com.tr\/wp-content\/uploads\/2020\/03\/25-KG-\u00d6ZEL-AMA\u00c7LI-UN-1420x2048.jpg 1420w, https:\/\/www.hilalun.com.tr\/wp-content\/uploads\/2020\/03\/25-KG-\u00d6ZEL-AMA\u00c7LI-UN.jpg 1521w\" sizes=\"(max-width: 208px) 100vw, 208px\" \/><img loading=\"lazy\" class=\"size-medium wp-image-423\" src=\"https:\/\/www.hilalun.com.tr\/wp-content\/uploads\/2020\/03\/50-KG-\u00d6ZEL-AMA\u00c7LI-UN-185x300.jpg\" alt=\"\" width=\"185\" height=\"300\" srcset=\"https:\/\/www.hilalun.com.tr\/wp-content\/uploads\/2020\/03\/50-KG-\u00d6ZEL-AMA\u00c7LI-UN-185x300.jpg 185w, https:\/\/www.hilalun.com.tr\/wp-content\/uploads\/2020\/03\/50-KG-\u00d6ZEL-AMA\u00c7LI-UN-631x1024.jpg 631w, https:\/\/www.hilalun.com.tr\/wp-content\/uploads\/2020\/03\/50-KG-\u00d6ZEL-AMA\u00c7LI-UN-768x1247.jpg 768w, https:\/\/www.hilalun.com.tr\/wp-content\/uploads\/2020\/03\/50-KG-\u00d6ZEL-AMA\u00c7LI-UN-946x1536.jpg 946w, https:\/\/www.hilalun.com.tr\/wp-content\/uploads\/2020\/03\/50-KG-\u00d6ZEL-AMA\u00c7LI-UN-1261x2048.jpg 1261w, https:\/\/www.hilalun.com.tr\/wp-content\/uploads\/2020\/03\/50-KG-\u00d6ZEL-AMA\u00c7LI-UN-scaled.jpg 1576w\" sizes=\"(max-width: 185px) 100vw, 185px\" \/><\/p>\n<p>&nbsp;<\/p>\n","protected":false},"excerpt":{"rendered":"<p>&nbsp;<\/p>\n","protected":false},"author":1,"featured_media":0,"parent":0,"menu_order":0,"comment_status":"closed","ping_status":"closed","template":"","meta":[],"_links":{"self":[{"href":"https:\/\/www.hilalun.com.tr\/index.php\/wp-json\/wp\/v2\/pages\/400"}],"collection":[{"href":"https:\/\/www.hilalun.com.tr\/index.php\/wp-json\/wp\/v2\/pages"}],"about":[{"href":"https:\/\/www.hilalun.com.tr\/index.php\/wp-json\/wp\/v2\/types\/page"}],"author":[{"embeddable":true,"href":"https:\/\/www.hilalun.com.tr\/index.php\/wp-json\/wp\/v2\/users\/1"}],"replies":[{"embeddable":true,"href":"https:\/\/www.hilalun.com.tr\/index.php\/wp-json\/wp\/v2\/comments?post=400"}],"version-history":[{"count":4,"href":"https:\/\/www.hilalun.com.tr\/index.php\/wp-json\/wp\/v2\/pages\/400\/revisions"}],"predecessor-version":[{"id":446,"href":"https:\/\/www.hilalun.com.tr\/index.php\/wp-json\/wp\/v2\/pages\/400\/revisions\/446"}],"wp:attachment":[{"href":"https:\/\/www.hilalun.com.tr\/index.php\/wp-json\/wp\/v2\/media?parent=400"}],"curies":[{"name":"wp","href":"https:\/\/api.w.org\/{rel}","templated":true}]}}